 List the prime factors of l.
89
Suppose -y - 3 = -7. Let g be 75/27 + y/18. Suppose 12 + 9 = g*v. What are the prime factors of v?
7
Suppose -15*f + 1060 = -5*f. What are the prime factors of f?
2, 53
Let r be 3 - 1 - (7 + 19). What are the prime factors of (32 - -1)*(-8)/r?
11
Let j = -4 + 3. Let v be (j + 2/4)*-2. Suppose g - 2*i + v = 0, -g - 4*g = 2*i - 55. What are the prime factors of g?
3
Let p(m) = m**2 + 5*m + 2. Let d be p(-5). List the prime factors of 0/(-4 + 1) + d.
2
Let g(q) = q**2 + 6*q + 5. Let h be g(-6). Suppose 3*l = 4*u + 18, 5*u - 5 = h*l - 30. Suppose l*y = 23 + 1. List the prime factors of y.
2, 3
Let x be ((-3)/(-2))/((-1)/(-10)). Let s be (-20)/10*(-4)/1. Let n = x - s. What are the prime factors of n?
7
Let a be (-100)/7 + 4/14. Suppose 3*p + 53 + 16 = 0. Let y = a - p. List the prime factors of y.
3
Suppose 0 = -4*s + 2*s + 5*v + 41, 0 = -5*s - 3*v + 118. What are the prime factors of s?
23
Let u(q) = -q - 4. Let r(d) = 10*d. Let s(b) = b + 4. Let z be s(-5). Let a be r(z). What are the prime factors of u(a)?
2, 3
Let d(k) be the second derivative of k**3/6 + 2*k**2 + k. What are the prime factors of d(3)?
7
Let k be ((-8)/(-12))/(2/51). Suppose -3*x + 45 = 4*t - 38, t + 2*x = k. What are the prime factors of t?
23
Suppose 3*l + 513 = 6*l. List the prime factors of l.
3, 19
Let f = -7 - -4. List the prime factors of f + -2 + 44/1.
3, 13
Suppose 0*k + 72 = 2*k. List the prime factors of k.
2, 3
Suppose -20 - 25 = -x. Suppose 2*h = -2*h - 3*g + x, g + 49 = 4*h. List the prime factors of h.
2, 3
Let a = 156 + -91. What are the prime factors of a?
5, 13
List the prime factors of 1*0/3 + 136.
2, 17
What are the prime factors of (-1)/(2 - 41/20)?
2, 5
Suppose 107 = 6*z + 17. List the prime factors of z.
3, 5
Let d(r) = 88*r**2 + 3*r - 4. What are the prime factors of d(1)?
3, 29
Suppose 2*h - 8*h = -342. List the prime factors of h.
3, 19
Let q = 7 + -9. Let c be -6*(16/(-6) - q). Suppose 19 = c*n - 13. List the prime factors of n.
2
Let n(u) = -u**3 + 55. Let z be n(0). Let t = z + 4. Suppose -4*w + t + 29 = 0. What are the prime factors of w?
2, 11
Let q = 43 - 27. What are the prime factors of q?
2
Let p(v) = 5*v**2 + 4*v - 49. Let b(x) = -x**2 - x + 12. Let s(m) = 9*b(m) + 2*p(m). List the prime factors of s(0).
2, 5
Suppose 0 = 5*s + 4*j - 85, 17 = 2*s + 5*j. Let f = s - 12. What are the prime factors of f?
3
Let q(f) = f. Let u = -7 + 3. Let h(n) = -2*n + 6. Let s(j) = u*q(j) - h(j). List the prime factors of s(-5).
2
Let f = -43 - -74. What are the prime factors of f?
31
Let v = 6 - -49. What are the prime factors of v?
5, 11
Suppose -2*c = -4*z + 8*z - 118, 2*z - c - 49 = 0. What are the prime factors of z?
3
Suppose -3*r = -5*h - 98, -r = -3*h - 34 + 8. Suppose 0*o = -4*i - 3*o - 107, 47 = -2*i + 5*o. Let n = i + r. What are the prime factors of n?
3, 5
Let k = 4 + -1. Suppose -4*d = -k*d - 7. What are the prime factors of d?
7
Let f be (-4)/18 + (-110)/(-9). Suppose 4*z - 5*q = -4 + 10, -2*z = 2*q - f. Suppose -1 - 7 = -z*n. List the prime factors of n.
2
Suppose -661 - 1499 = -9*t. List the prime factors of t.
2, 3, 5
Let w = 6 - 3. Let s(b) = b**2 - b + 2. Let f(p) = -p**2 + p - 1. Let m(i) = w*s(i) + 2*f(i). List the prime factors of m(3).
2, 5
Suppose -5*c - 2*v + 26 = -5*v, 3*v + 10 = c. Suppose 0 = -3*x + c*p + p - 41, 30 = -2*x + 4*p. Let s = 2 - x. What are the prime factors of s?
3
Suppose 0 = -2*h - h. Suppose h = 3*i - 5*i + 14. What are the prime factors of i?
7
Let r = -221 + 324. What are the prime factors of r?
103
Let i = 22 - 18. What are the prime factors of i?
2
Let d(s) = s + 4. Let f be d(-2). Suppose m - 34 = -4*a - f*m, 0 = 5*a + 4*m - 43. List the prime factors of a.
7
What are the prime factors of 20*(-1 + 22/8)?
5, 7
Suppose 2*w + g = 79, 0*w - 2*w - 2*g + 84 = 0. What are the prime factors of w?
37
Let b(v) = -v**2 - 6*v + 6. Let q be b(-7). List the prime factors of q/(0 + 2/(-38)).
19
Let p be (2 - 0)/((-2)/(-3)). Suppose -p*d - t = 0, -t + 3*t = d. Suppose -2*k + 0 + 4 = d. List the prime factors of k.
2
What are the prime factors of (143/5 - 1)/(3/10)?
2, 23
Suppose 9 = 5*f - 1. Suppose f*g = 3*g. Suppose -4*z + 2 + 1 = 3*k, 3*k - z - 18 = g. List the prime factors of k.
5
Let i(d) = -8*d**2 - 2*d**3 - d**3 + 4*d**3 + 7. What are the prime factors of i(8)?
7
Let m be (-1 - (-70 + 1)) + 2. Suppose -87 = -3*i + 3*q, 4*i - 41 = 5*q + m. Let h = i - 24. What are the prime factors of h?
2, 5
Let m(j) = 2*j - 1. Let d be m(6). Let b = 7 - 11. Let w = b + d. List the prime factors of w.
7
Let m be 77/28 - (-2)/8. Suppose -m*y + 44 = -r + 3*r, -4*y + 5*r = -74. What are the prime factors of (y/(-6))/(3/(-9))?
2
Let q(i) = -2*i - 8. Let x be ((-18)/(-15))/(6/45). Let y = x + -15. What are the prime factors of q(y)?
2
Let f(m) = -12*m - 5. Let h be f(-5). Suppose 0 = 3*c - h + 19. List the prime factors of c.
2, 3
Let s = -2 + 4. List the prime factors of 85/s*(-4)/(-5).
2, 17
Let t(g) = 2*g**3 - 5*g**2 - g + 4. Let v be t(4). Suppose v + 37 = 5*o. List the prime factors of o.
17
Let v = 30 - 8. What are the prime factors of 4/v + 93/33?
3
Let p(r) = r**3 + 13*r**2 - 17*r + 3. List the prime factors of p(-14).
3, 5
Let d = 7 + -6. Let y(q) = -q**3 - d - 3*q**2 - 2*q**2 - 5*q + 0*q**3 + 0*q**2. What are the prime factors of y(-4)?
3
Let u(x) = 6*x - 6. Let n(g) = -g - 1. Let l(a) = -3*n(a) + u(a). Let d be l(2). Let i = d + -4. What are the prime factors of i?
11
Let q(z) = z**3 - 5*z**2 + 2. Let r be q(4). Let x = 8 + r. List the prime factors of (-1)/2 + (-63)/x.
2, 5
Let s = 294 - 194. List the prime factors of s.
2, 5
Suppose -l = -0*l - 8. Let d = 12 + l. What are the prime factors of d?
2, 5
Suppose n - 648 = -7*n. What are the prime factors of n?
3
Suppose 10 = -5*q - 0*q - 5*v, 2 = q + 3*v. Let n = -4 - q. Suppose 0 = -5*x + z + 46, x - 5*z = -n + 14. What are the prime factors of x?
3
Let s(v) = v**3 - 7*v**2 - 8*v + 4. Let y be s(8). Suppose 8 = -y*g - 16. Let m(j) = -3*j. List the prime factors of m(g).
2, 3
Let m = 5 + 1. Suppose -6 = 3*p - m*p. Suppose 70 = 7*k - p*k. List the prime factors of k.
2, 7
Let a = 58 + -39. Suppose 5*m + 24 = 4*l - a, 2*l + m - 25 = 0. List the prime factors of l.
2, 3
Let q(a) = a + 133. What are the prime factors of q(-30)?
103
Let r = 509 + -304. What are the prime factors of r?
5, 41
Let d = 330 + -216. List the prime factors of d.
2, 3, 19
Let t = 39 + -36. Suppose -d + 2 = -0. Suppose -4*y + 56 = -t*x, -y + 55 = d*y + x. What are the prime factors of y?
17
Let m(z) = -z**2 - 6*z + 7. Suppose 5*b + 15 = -4*w + w, 3*b - 2 = -4*w. Let v be m(b). Let a = 3 + v. List the prime factors of a.
2, 5
Let h(s) = -9*s - 1. What are the prime factors of h(-6)?
53
Let q = -1 - 3. Let w(r) = -r + 8. Let h(n) = -1. Let l(t) = q*h(t) - w(t). List the prime factors of l(6).
2
Let t be (1*-1)/(4/(-8)). Suppose 2*n = 4*h - 98, -2*h = t*h + n - 101. Let j = 35 - h. What are the prime factors of j?
2, 5
Suppose m - 3*v = -m - 6, 8 = -4*v. What are the prime factors of (-13 + 0)/(3/m)?
2, 13
Let b(x) = -x + 3. Let k be b(5). Let q = k + 3. Suppose -2*a + q = z - 46, -3*z = a - 21. List the prime factors of a.
2, 3
Suppose -2*i = x - 54, 177 = 5*x - i - 49. What are the prime factors of x?
2, 23
Suppose 0 = -2*v - 5*z - 59, -4*v + 4*z - 104 + 0 = 0. Let q = -3 - v. Suppose -2*t + q = -0*t. What are the prime factors of t?
2, 3
Let m(f) = -f + 7. Suppose u = -26 + 9. What are the prime factors of m(u)?
2, 3
Suppose 4*l = -2*z + 16, 4*z - 5 = l - 0. Let i = 10 + -1. Suppose 3*q - i = -l. What are the prime factors of q?
2
List the prime factors of (-884)/(-91) + 2/7.
2, 5
Let x = -49 - -121. List the prime factors of x.
2, 3
Let o be -24*(4/8)/(-1). Suppose -o*t = -8*t - 44. What are the prime factors of t?
11
Let a(b) = -b**3 + 11*b**2 - b + 16. Let u be a(11). Suppose u*s = s + 8. Suppose 55 = 4*w + 5*k, s*w = 2*k - 4*k + 26. What are the prime factors of w?
2, 5
Let q = -5 + 7. What are the prime factors of q?
2
List the prime factors of (-15)/(-60) - (2 + (-54)/8).
5
Let c(y) = 4*y**2 - 6*y + 10. What are the prime factors of c(3)?
2, 7
Let r(a) = 3*a. Suppose 5*i = -2 - 3. Let m be r(i). List the prime factors of 8 - (-1 + -5)/m.
2, 3
Suppose 478 - 1423 = -15*